 the remainder when x(-6) is divided by 64.
5
Suppose 31*f = -17*f + 3888. Calculate the remainder when f is divided by 6.
3
Let l = -101 - -115. Calculate the remainder when 106 is divided by l.
8
Let c(x) be the second derivative of -11*x**3/3 - x**2/2 + 8*x. Suppose -3*l = -3*h + 12, -3*l + 2 = 3*h - 4*l. What is the remainder when c(h) is divided by 8?
5
Let x = -95 - -100. Suppose -x*g = 23 - 223. Calculate the remainder when g is divided by 15.
10
Let q(a) = a**3 + 27*a**2 + 42*a - 181. Calculate the remainder when 63 is divided by q(-25).
6
Suppose -13 = 2*j - 35. Suppose 57 = 5*p - 2*g - 151, 0 = -3*g - 12. Calculate the remainder when p is divided by j.
7
Suppose -3*h - b = b + 2, 4*h = -3*b - 4. Suppose 0 = h*r + 8 - 10. Let z = 1 - 0. What is the remainder when r is divided by z?
0
Calculate the remainder when 101 is divided by ((102/(-10))/3)/((-12)/60).
16
Let m(l) = -l**3 + 16*l**2 - 27*l - 5. What is the remainder when m(13) is divided by 9?
7
Let p = 244 + -221. Suppose 26 + 26 = 4*k. Calculate the remainder when p is divided by k.
10
Let o(h) = -h**3 + 11*h**2 + h - 6. Let g be o(11). Calculate the remainder when 92 is divided by 121/g - 13/65.
20
Suppose 0 = -53*g - 1059 + 3746 + 6376. Suppose 2*r - 91 = -5. Calculate the remainder when g is divided by r.
42
Let f(s) be the third derivative of -s**6/120 + s**5/10 + s**4/12 - s**3/3 + 11*s**2. What is the remainder when 16 is divided by f(6)?
6
Suppose 5*b - 93 = 42. Suppose -37 = -5*h + h - v, -4*h = -v - b. Calculate the remainder when 23 is divided by h.
7
Suppose -2*y - 7 + 31 = 5*z, -5*y + 2 = -2*z. Calculate the remainder when 77 is divided by z.
1
Suppose -5*w + 31 = -34. Let o = 38 - 13. Calculate the remainder when o is divided by w.
12
Suppose -5*d + 9*d - 76 = 0. Suppose -2*k + 1 = -19. Calculate the remainder when d is divided by k.
9
Calculate the remainder when 526 is divided by (-24)/(-15)*(-1100)/(-40).
42
Calculate the remainder when 27 is divided by 2169/(-5061) - (1 - (-160)/(-14)).
7
Let s = -962 + 1135. Calculate the remainder when s is divided by 11.
8
Let p be 4/18 + (-430)/(-9) + 1. Let j = 55 - p. Suppose 4*n + 0*z = -3*z + 81, z + 1 = 0. What is the remainder when n is divided by j?
3
Let x be (-24)/((-8)/2) - -1. Suppose x*r - r = 114. What is the remainder when 94 is divided by r?
18
Let v(s) = -s + 21. Let x be v(18). Suppose -x*u = 2*g - 2*u - 75, 0 = 2*g - 4*u - 70. What is the remainder when g is divided by 10?
7
Suppose -4*o - 9 = -7*o. Let h(i) = -2 - i + o + 4. Calculate the remainder when 42 is divided by h(-6).
9
Let z(b) = b**3 + 2*b**2 + 3*b + 16. Let n be z(-3). What is the remainder when 15 + 7 + -6 + n*1 is divided by 2?
0
Let g = -47 + 350. Suppose -51 = 6*p - g. Suppose p = 11*l - 8*l. What is the remainder when l is divided by 5?
4
Suppose 3*j - 15 - 3 = -3*b, 10 = 2*j. Let s(m) = 14*m + 75. What is the remainder when s(-5) is divided by b?
0
Suppose 0 = 4*l - 5*v - 150 - 102, -182 = -3*l + 2*v. What is the remainder when 460 is divided by l?
54
Let w(v) = v**3 + 7*v**2 + 5*v + 3. Suppose 4*r - 4*k - 72 = 0, -6 = 2*r + k - 57. Let u = r + -19. What is the remainder when w(-6) is divided by u?
1
Let u = 28 - 8. Suppose 0 = 2*a - 6*a + u. What is the remainder when 14 is divided by a?
4
Let r(d) = -2*d**3 + 22*d**2 - 17*d + 18. Calculate the remainder when r(10) is divided by 12.
0
Let l be (4/(-1))/(-8)*10. Suppose p = 5*b - 2*p - 40, 2*p = -3*b + l. Suppose -o = 2*o, -b*o = j - 75. What is the remainder when j is divided by 11?
9
Let w(d) = -7*d + 119. Calculate the remainder when 26 is divided by w(16).
5
Let f(y) = 2*y**2 - 15*y + 4. Let l be f(11). Suppose 6*s - 3*s = l. Let i = -5 - -12. What is the remainder when s is divided by i?
6
Let r(l) = -l**3 - 18*l**2 - 30*l + 67. Calculate the remainder when 166 is divided by r(-16).
26
Suppose 0 = -y - 2*y + j - 28, 5 = -j. Let m(t) = -2*t + 7. Calculate the remainder when 55 is divided by m(y).
26
Suppose u + 3*n = 5*n + 11, -3*n = -4*u + 29. Suppose u*g = -q + 2*q + 570, 0 = 4*g + 8. What is the remainder when (-4)/5*q/8 is divided by 20?
18
Let z = -202 + 243. What is the remainder when z is divided by 6?
5
Let z = -42 - -84. Suppose g + 0*f = 2*f + 21, 5*g - 2*f - 73 = 0. Calculate the remainder when 28/z + 148/3 is divided by g.
11
Let b(y) = -2*y**3 - 4*y**2 + 4*y + 42. What is the remainder when b(-7) is divided by 64?
56
Let q = -46 - -46. Suppose 0 = -q*d - 4*d + 16, -2*o + 2*d + 38 = 0. Calculate the remainder when o is divided by (-1)/(56/(-52) - -1).
10
Calculate the remainder when 53 is divided by (144/15)/((-168)/(-560)).
21
Suppose -x - 6 = -4*x, g + 301 = -4*x. Calculate the remainder when g/(-6) - 7/14 is divided by 18.
15
Suppose 0 = 5*z + 8 + 7, 5*z = 5*f - 485. Calculate the remainder when 363 is divided by f.
81
Let z = 133 - 127. Suppose 0 = 9*l - 15*l + z. What is the remainder when 3 is divided by l?
0
Let g(f) = 2*f**3 + 29*f**2 - 12*f + 57. What is the remainder when 120 is divided by g(-15)?
0
Let o(i) = i**3 + 9*i**2 + 6*i - 9. Let k(a) = 2*a - 14. Let u be k(3). Calculate the remainder when 22 is divided by o(u).
1
Let a be 2 - 2 - 6/1. Let l = 18 + a. What is the remainder when 21 is divided by l?
9
Suppose 0 + 9 = 3*g. Suppose p + g*p + 32 = 0. Let k = 18 + p. Calculate the remainder when k is divided by 3.
1
Suppose q = 3*q - 42. Let n = q + -16. Suppose m - 3*m = -2*k + 190, -n*m + 380 = 4*k. Calculate the remainder when k is divided by 14.
11
Let k(q) = -15*q + 57. Calculate the remainder when 47 is divided by k(2).
20
Let h(a) = -a**2 - 18*a + 16. Let f be h(-20). Let r = f - -29. What is the remainder when 41 is divided by (-14)/(-35)*7*r?
13
Suppose 6*w = -22 - 188. Let k = 32 - w. Suppose -2*p + p + 21 = 2*g, -2*g = -4*p + 94. Calculate the remainder when k is divided by p.
21
Let v be (-2)/(-12) - 826/(-84). Suppose 66 = 7*i + v. What is the remainder when 10 is divided by i?
2
Suppose 15 = -5*a, 3*v - 185*a = -189*a + 642. Suppose 3*c + d - 28 = 107, 0 = -5*c + 4*d + 208. What is the remainder when v is divided by c?
42
Let g = -1037 - -1115. Calculate the remainder when 359 is divided by g.
47
Suppose -j - 2 = v - 1, 4*v = -3*j. Calculate the remainder when (1 + 14/(-3))*-3 is divided by (-2)/(j/36*3).
5
Suppose 318 = w - 2*p - p, -3*p - 1299 = -4*w. Calculate the remainder when w is divided by 30.
27
Let w(x) = -x**3 - x**2 + 4*x - 6. Let v be w(-3). Suppose 0 = -y - v*y + 19. What is the remainder when 73 is divided by y?
16
Let v = -1456 + 1472. Calculate the remainder when 572 is divided by v.
12
Let q(t) = t**2 + t - 5. Let j be ((-1)/(-4))/(1/8). Suppose -h + j*z + 2 = 0, h - 14 = z + 4*z. Calculate the remainder when 49 is divided by q(h).
24
Suppose -7*r + 181 = -1. Suppose 0 = r*y - 24*y - 24. What is the remainder when 33 is divided by y?
9
What is the remainder when 92 is divided by (-4)/6*651/(-14)?
30
Calculate the remainder when 39 is divided by (2 + -17)/(-2 - -1) + -1.
11
Suppose 0 = -20*v + 552 + 808. Calculate the remainder when v is divided by 18.
14
Suppose r = 4*b - 0*b + 31, -2*r + 54 = -4*b. Let i = 954 - 941. Calculate the remainder when r is divided by i.
10
Suppose 5*z = 5*v - 478 - 162, -380 = -3*v + z. What is the remainder when v is divided by 11?
5
Calculate the remainder when 1262 is divided by -9 - (6 + (-31 - -5)).
8
Suppose 4*m - 265 = -3*b, 4*m - b - 61 = 3*m. Calculate the remainder when m is divided by 19.
7
Let k be (-1 - 1)/(20/(-110)). Let t = k - 12. Let b = 3 - t. What is the remainder when 13 is divided by b?
1
Suppose -4*h - 181 = -5*u, -2*h = -4*u + u + 109. Calculate the remainder when 181 is divided by u.
33
Calculate the remainder when 132 is divided by (-9)/6*(1256/(-24) + 3).
58
Let x = -121 + 342. What is the remainder when x is divided by 57?
50
Let k(i) be the third derivative of i**5/10 - i**4/12 + i**3/6 - i**2. Let n be k(1). Let q(p) = 2*p - 7. What is the remainder when 4 is divided by q(n)?
1
Let i be ((-3)/9*0)/(-1). Let t = i + 3. Suppose 0 = 5*f + 5*m - 20, 3*f - 44 = -2*f + 3*m. What is the remainder when f is divided by t?
1
Suppose 0 = -37*j + 2667 + 6065. What is the remainder when j is divided by 62?
50
Let k = 90 + -86. What is the remainder when (97/7 - k) + 1/7 is divid